{"id":1886,"date":"2026-04-12T15:42:25","date_gmt":"2026-04-12T18:42:25","guid":{"rendered":"https:\/\/bienaldelchaco.org\/2026\/?page_id=1886"},"modified":"2026-04-12T15:49:39","modified_gmt":"2026-04-12T18:49:39","slug":"rafael-blanco-ciscar","status":"publish","type":"page","link":"https:\/\/bienaldelchaco.org\/2026\/encuentro-de-escultores-invitados\/rafael-blanco-ciscar\/","title":{"rendered":"Rafael Blanco Ciscar"},"content":{"rendered":"<div class=\"wpb-content-wrapper\"><p>[vc_row css_animation=&#8221;&#8221; row_type=&#8221;row&#8221; use_row_as_full_screen_section=&#8221;no&#8221; type=&#8221;full_width&#8221; angled_section=&#8221;no&#8221; text_align=&#8221;left&#8221; background_image_as_pattern=&#8221;without_pattern&#8221;][vc_column]\n\t\t\t\t<p class=\"rs-p-wp-fix\"><\/p>\n\t\t\t\t<sr7-module data-alias=\"Slider-Escultores-Invitados\" data-id=\"12\" id=\"SR7_12_1\" class=\"rs-ov-hidden\" data-version=\"6.7.32\">\n\t\t\t\t\t<sr7-adjuster><\/sr7-adjuster>\n\t\t\t\t\t<sr7-content>\n\t\t\t\t\t\t<sr7-slide id=\"SR7_12_1-24\" data-key=\"24\">\n\t\t\t\t\t\t\t<sr7-bg id=\"SR7_12_1-24-1\" class=\"sr7-layer\"><noscript><img decoding=\"async\" src=\"https:\/\/bienaldelchaco.org\/2026\/wp-content\/uploads\/2025\/05\/slide-fonden-scaled.jpg\" alt=\"\" title=\"slide fonden\"><\/noscript><\/sr7-bg>\n\t\t\t\t\t\t<\/sr7-slide>\n\t\t\t\t\t\t<sr7-slide id=\"SR7_12_1-25\" data-key=\"25\">\n\t\t\t\t\t\t<\/sr7-slide>\n\t\t\t\t\t<\/sr7-content>\n\t\t\t\t\t<image_lists style=\"display:none\">\n\t\t\t\t\t\t<img data-src=\"\/\/bienaldelchaco.org\/2026\/wp-content\/uploads\/2026\/04\/B26-EncuentroEscultoresInvitados-Slide-web.jpg-1.jpg\" data-libid=\"2087\" data-lib=\"medialibrary\" title=\"B26-EncuentroEscultoresInvitados-Slide-web.jpg (1)\" width=\"0\" height=\"0\" data-dbsrc=\"Ly9iaWVuYWxkZWxjaGFjby5vcmcvMjAyNi93cC1jb250ZW50L3VwbG9hZHMvMjAyNi8wNC9CMjYtRW5jdWVudHJvRXNjdWx0b3Jlc0ludml0YWRvcy1TbGlkZS13ZWIuanBnLTEuanBn\"\/>\n\t\t\t\t\t\t<img data-src=\"\/\/bienaldelchaco.org\/2026\/wp-content\/uploads\/2025\/05\/slide-fonden-scaled.jpg\" data-libid=\"300\" data-lib=\"medialibrary\" title=\"slide fonden\" width=\"0\" height=\"0\" data-dbsrc=\"Ly9iaWVuYWxkZWxjaGFjby5vcmcvMjAyNi93cC1jb250ZW50L3VwbG9hZHMvMjAyNS8wNS9zbGlkZS1mb25kZW4tc2NhbGVkLmpwZw==\"\/>\n\t\t\t\t\t<\/image_lists>\n\t\t\t\t<\/sr7-module>\n\t\t\t\t<script>\n\t\t\t\t\tSR7.PMH ??={}; SR7.PMH[\"SR7_12_1\"] = {cn:100,state:false,fn: function() { if (_tpt!==undefined && _tpt.prepareModuleHeight !== undefined) {  _tpt.prepareModuleHeight({id:\"SR7_12_1\",el:[800,800,800,800,625],type:'standard',shdw:'0',gh:[800,800,800,800,625],gw:[1920,1920,1920,1920,1200],vpt:['-100px&#039;,&#039;-100px&#039;,&#039;-100px&#039;,&#039;-100px&#039;,&#039;-100px'],size:{fullWidth:true, fullHeight:false},mh:'0',onh:0,onw:0,bg:{color:'{\"orig\":\"transparent\",\"type\":\"solid\",\"string\":\"transparent\"}'}});   SR7.PMH[\"SR7_12_1\"].state=true;} else if(SR7.PMH[\"SR7_12_1\"].cn-->0)\tsetTimeout( SR7.PMH[\"SR7_12_1\"].fn,19);}};SR7.PMH[\"SR7_12_1\" ].fn();\n\t\t\t\t<\/script>\n[vc_empty_space height=&#8221;65px&#8221;][\/vc_column][\/vc_row][vc_row css_animation=&#8221;element_from_fade&#8221; row_type=&#8221;row&#8221; use_row_as_full_screen_section=&#8221;no&#8221; type=&#8221;full_width&#8221; angled_section=&#8221;no&#8221; text_align=&#8221;left&#8221; background_image_as_pattern=&#8221;without_pattern&#8221; z_index=&#8221;&#8221;][vc_column][vc_row_inner row_type=&#8221;row&#8221; type=&#8221;grid&#8221; text_align=&#8221;left&#8221; css_animation=&#8221;element_from_right&#8221;][vc_column_inner][vc_column_text css=&#8221;&#8221;]<span style=\"font-family: Mulish; font-size: 16px; font-weight: 100; color: #e52a1c;\"><span style=\"color: #808080;\">Home\u00a0 |\u00a0 Encuentro de Escultores Invitados\u00a0 | Rafael Blasco Ciscar<\/span><br \/>\n<\/span>[\/vc_column_text][vc_empty_space height=&#8221;20px&#8221;][vc_raw_html css=&#8221;&#8221;]JTNDZGl2JTIwc3R5bGUlM0QlMjJ0ZXh0LWFsaWduJTNBbGVmdCUzQiUyMiUzRSUwRCUwQSUyMCUyMCUzQ2ltZyUyMCUwRCUwQSUyMCUyMCUyMCUyMHNyYyUzRCUyMmh0dHBzJTNBJTJGJTJGYmllbmFsZGVsY2hhY28ub3JnJTJGMjAyNiUyRndwLWNvbnRlbnQlMkZ1cGxvYWRzJTJGMjAyNiUyRjA0JTJGQXNzZXQtZW5jdWVudHJvLWVzY3VsdG9yZXMtaW52aXRhZG9zLnN2ZyUyMiUyMCUwRCUwQSUyMCUyMCUyMCUyMGFsdCUzRCUyMkVuY3VlbnRybyUyMGRlJTIwZXNjdWx0b3JlcyUyMGludml0YWRvcyUyMiUwRCUwQSUyMCUyMCUyMCUyMHN0eWxlJTNEJTIybWF4LXdpZHRoJTNBNjAlMjUlM0IlMjBoZWlnaHQlM0FhdXRvJTNCJTIyJTBEJTBBJTIwJTIwJTNFJTBEJTBBJTNDJTJGZGl2JTNF[\/vc_raw_html][vc_empty_space height=&#8221;20px&#8221;][vc_column_text css=&#8221;&#8221;]<span style=\"font-family: Mulish; font-size: 28px; font-weight: bold; color: #e52a1c;\">X Encuentro de Escultores Invitados<br \/>\n<\/span>[\/vc_column_text][vc_column_text css=&#8221;&#8221;]<span style=\"font-family: Mulish; font-size: 29px; font-weight: 300; color: #e52a1c;\"><span style=\"color: #000000;\">17 al 26 de Julio 2026<\/span><br \/>\n<\/span>[\/vc_column_text][vc_separator type=&#8221;small&#8221; position=&#8221;left&#8221; color=&#8221;#E52A1C&#8221; width=&#8221;20&#8243; up=&#8221;25&#8243; thickness=&#8221;3&#8243;][vc_empty_space height=&#8221;35px&#8221;][\/vc_column_inner][\/vc_row_inner][\/vc_column][\/vc_row][vc_row css_animation=&#8221;element_from_right&#8221; row_type=&#8221;row&#8221; use_row_as_full_screen_section=&#8221;no&#8221; type=&#8221;full_width&#8221; angled_section=&#8221;no&#8221; text_align=&#8221;left&#8221; background_image_as_pattern=&#8221;without_pattern&#8221; z_index=&#8221;&#8221;][vc_column][vc_row_inner row_type=&#8221;row&#8221; type=&#8221;full_width&#8221; text_align=&#8221;left&#8221; css_animation=&#8221;&#8221;][vc_column_inner][vc_raw_html css=&#8221;&#8221;]JTNDc3R5bGUlM0UlMEQlMEEuZXNjLXBhZ2UlN0JiYWNrZ3JvdW5kJTNBJTIzZmZmJTNCZm9udC1mYW1pbHklM0ElMjdNdWxpJTI3JTJDc2Fucy1zZXJpZiUzQm1heC13aWR0aCUzQTEwMCUyNSUzQm92ZXJmbG93JTNBaGlkZGVuJTdEJTBEJTBBJTBEJTBBLmVzYy1oZXJvLXdyYXAlN0Jwb3NpdGlvbiUzQXJlbGF0aXZlJTNCZGlzcGxheSUzQWZsZXglM0JhbGlnbi1pdGVtcyUzQXN0cmV0Y2glM0JtaW4taGVpZ2h0JTNBNDgwcHglM0J3aWR0aCUzQTEwMHZ3JTNCbWFyZ2luLWxlZnQlM0FjYWxjJTI4LTUwdnclMjAlMkIlMjA1MCUyNSUyOSU3RCUwRCUwQS5lc2MtaGVyby1sZWZ0JTdCZmxleCUzQTAlMjAwJTIwNDglMjUlM0JkaXNwbGF5JTNBZmxleCUzQmZsZXgtZGlyZWN0aW9uJTNBY29sdW1uJTNCanVzdGlmeS1jb250ZW50JTNBZmxleC1lbmQlM0JwYWRkaW5nJTNBMCUyMDYwcHglMjAwJTIwY2FsYyUyOCUyODEwMHZ3JTIwLSUyMDExMDBweCUyOSUyRjIlMjklM0Jib3gtc2l6aW5nJTNBYm9yZGVyLWJveCUzQnBvc2l0aW9uJTNBcmVsYXRpdmUlM0J6LWluZGV4JTNBMiU3RCUwRCUwQS5lc2MtaGVyby1sYWJlbCU3QmZvbnQtc2l6ZSUzQTE4cHglM0Jjb2xvciUzQSUyMzMzMyUzQmxldHRlci1zcGFjaW5nJTNBMC4zcHglM0JtYXJnaW4lM0EwJTIwMCUyMDE0cHglM0Jmb250LXdlaWdodCUzQTQwMCU3RCUwRCUwQS5lc2MtaGVyby1saW5lJTdCd2lkdGglM0EzMHB4JTNCaGVpZ2h0JTNBM3B4JTNCYmFja2dyb3VuZCUzQSUyM2U1MmExYyUzQm1hcmdpbiUzQTAlMjAwJTIwMjhweCUzQmJvcmRlci1yYWRpdXMlM0EwJTdEJTBEJTBBLmVzYy1oZXJvLW5hbWUlN0Jmb250LXNpemUlM0EzNnB4JTNCZm9udC13ZWlnaHQlM0E3MDAlM0Jjb2xvciUzQSUyM2U1MmExYyUzQm1hcmdpbiUzQTAlMjAwJTIwNnB4JTNCbGluZS1oZWlnaHQlM0ExLjIlM0Jmb250LWZhbWlseSUzQSUyN0hlbHZldGljYSUyME5vdyUyNyUyQyUyN0hlbHZldGljYSUyME5ldWUlMjclMkNIZWx2ZXRpY2ElMkNzYW5zLXNlcmlmJTdEJTBEJTBBLmVzYy1oZXJvLWNvdW50cnklN0Jmb250LXNpemUlM0EyMnB4JTNCZm9udC13ZWlnaHQlM0EzMDAlM0Jjb2xvciUzQSUyMzFhMWExYSUzQmxldHRlci1zcGFjaW5nJTNBM3B4JTNCdGV4dC10cmFuc2Zvcm0lM0F1cHBlcmNhc2UlM0JtYXJnaW4lM0EwJTNCZm9udC1mYW1pbHklM0FCdXRsZXIlMkNHZW9yZ2lhJTJDc2VyaWYlN0QlMEQlMEEuZXNjLWhlcm8tcmlnaHQlN0JmbGV4JTNBMCUyMDAlMjA1MiUyNSUzQnBvc2l0aW9uJTNBcmVsYXRpdmUlM0JtaW4taGVpZ2h0JTNBNDgwcHglM0JvdmVyZmxvdyUzQWhpZGRlbiUzQmN1cnNvciUzQW5vbmUlN0QlMEQlMEEuZXNjLWhlcm8tcmlnaHQlMjBpbWclN0J3aWR0aCUzQTEwMCUyNSUzQmhlaWdodCUzQTEwMCUyNSUzQm9iamVjdC1maXQlM0Fjb3ZlciUzQm9iamVjdC1wb3NpdGlvbiUzQWxlZnQlMjBjZW50ZXIlM0JkaXNwbGF5JTNBYmxvY2slM0J0cmFuc2l0aW9uJTNBdHJhbnNmb3JtJTIwLjZzJTIwY3ViaWMtYmV6aWVyJTI4LjI1JTJDLjglMkMuMjUlMkMxJTI5JTdEJTBEJTBBLmVzYy1oZXJvLXJpZ2h0JTNBaG92ZXIlMjBpbWclN0J0cmFuc2Zvcm0lM0FzY2FsZSUyODEuMDMlMjklN0QlMEQlMEEuZXNjLWhlcm8taWclN0Jwb3NpdGlvbiUzQWFic29sdXRlJTNCYm90dG9tJTNBMTZweCUzQnJpZ2h0JTNBMjBweCUzQmZvbnQtc2l6ZSUzQTEzcHglM0Jjb2xvciUzQSUyM2ZmZiUzQnRleHQtc2hhZG93JTNBMCUyMDFweCUyMDRweCUyMHJnYmElMjgwJTJDMCUyQzAlMkMuNSUyOSUzQmZvbnQtd2VpZ2h0JTNBNDAwJTNCbGV0dGVyLXNwYWNpbmclM0EwLjJweCUzQnotaW5kZXglM0E1JTdEJTBEJTBBJTBEJTBBLmVzYy1nbGFzcy1jdXJzb3IlN0Jwb3NpdGlvbiUzQWFic29sdXRlJTNCd2lkdGglM0ExODBweCUzQmhlaWdodCUzQTE4MHB4JTNCYm9yZGVyLXJhZGl1cyUzQTUwJTI1JTNCcG9pbnRlci1ldmVudHMlM0Fub25lJTNCei1pbmRleCUzQTQlM0JvcGFjaXR5JTNBMCUzQnRyYW5zaXRpb24lM0FvcGFjaXR5JTIwLjNzJTNCdHJhbnNmb3JtJTNBdHJhbnNsYXRlJTI4LTUwJTI1JTJDLTUwJTI1JTI5JTNCYmFja2dyb3VuZCUzQXJhZGlhbC1ncmFkaWVudCUyOGNpcmNsZSUyQ3JnYmElMjgyNTUlMkMyNTUlMkMyNTUlMkMuMjUlMjklMjAwJTI1JTJDcmdiYSUyODI1NSUyQzI1NSUyQzI1NSUyQy4xMiUyOSUyMDMwJTI1JTJDcmdiYSUyODI1NSUyQzI1NSUyQzI1NSUyQy4wNCUyOSUyMDYwJTI1JTJDdHJhbnNwYXJlbnQlMjA3MCUyNSUyOSUzQmJhY2tkcm9wLWZpbHRlciUzQWJsdXIlMjg0cHglMjklM0Itd2Via2l0LWJhY2tkcm9wLWZpbHRlciUzQWJsdXIlMjg0cHglMjklM0Jib3JkZXIlM0ExcHglMjBzb2xpZCUyMHJnYmElMjgyNTUlMkMyNTUlMkMyNTUlMkMuMiUyOSUzQmJveC1zaGFkb3clM0EwJTIwMCUyMDMwcHglMjByZ2JhJTI4MjU1JTJDMjU1JTJDMjU1JTJDLjElMjklMkNpbnNldCUyMDAlMjAwJTIwMjBweCUyMHJnYmElMjgyNTUlMkMyNTUlMkMyNTUlMkMuMDUlMjklN0QlMEQlMEEuZXNjLWhlcm8tcmlnaHQlM0Fob3ZlciUyMC5lc2MtZ2xhc3MtY3Vyc29yJTdCb3BhY2l0eSUzQTElN0QlMEQlMEElMEQlMEEuZXNjLWhlcm8tc2hpbW1lciU3QnBvc2l0aW9uJTNBYWJzb2x1dGUlM0J0b3AlM0EwJTNCbGVmdCUzQS0xMDAlMjUlM0J3aWR0aCUzQTYwJTI1JTNCaGVpZ2h0JTNBMTAwJTI1JTNCYmFja2dyb3VuZCUzQWxpbmVhci1ncmFkaWVudCUyODEwNWRlZyUyQ3RyYW5zcGFyZW50JTIwMjAlMjUlMkNyZ2JhJTI4MjU1JTJDMjU1JTJDMjU1JTJDLjIlMjklMjA0NSUyNSUyQ3JnYmElMjgyNTUlMkMyNTUlMkMyNTUlMkMuMzUlMjklMjA1MCUyNSUyQ3JnYmElMjgyNTUlMkMyNTUlMkMyNTUlMkMuMiUyOSUyMDU1JTI1JTJDdHJhbnNwYXJlbnQlMjA4MCUyNSUyOSUzQnotaW5kZXglM0EzJTNCcG9pbnRlci1ldmVudHMlM0Fub25lJTdEJTBEJTBBLmVzYy1oZXJvLXJpZ2h0JTNBaG92ZXIlMjAuZXNjLWhlcm8tc2hpbW1lciU3QmFuaW1hdGlvbiUzQWVzYy1zaGltbWVyJTIwMnMlMjAuMnMlMjBlYXNlLWluLW91dCUyMGZvcndhcmRzJTdEJTBEJTBBJTBEJTBBJTQwa2V5ZnJhbWVzJTIwZXNjLXNoaW1tZXIlN0IwJTI1JTdCbGVmdCUzQS0xMDAlMjUlN0QxMDAlMjUlN0JsZWZ0JTNBMTIwJTI1JTdEJTdEJTBEJTBBJTBEJTBBLmVzYy12aWRlby1zZWN0aW9uJTdCcGFkZGluZyUzQTYwcHglMjAwJTIwODBweCUzQm1heC13aWR0aCUzQTExMDBweCUzQm1hcmdpbiUzQTAlMjBhdXRvJTNCZGlzcGxheSUzQWZsZXglM0JqdXN0aWZ5LWNvbnRlbnQlM0FjZW50ZXIlN0QlMEQlMEEuZXNjLXZpZGVvLXdyYXAlN0J3aWR0aCUzQTI4MHB4JTdEJTBEJTBBLmVzYy12aWRlby13cmFwJTIwdmlkZW8lN0J3aWR0aCUzQTEwMCUyNSUzQmRpc3BsYXklM0FibG9jayU3RCUwRCUwQSUwRCUwQSU0MG1lZGlhJTI4bWF4LXdpZHRoJTNBMTEwMHB4JTI5JTdCJTBEJTBBLmVzYy1oZXJvLWxlZnQlN0JwYWRkaW5nJTNBMCUyMDQwcHglMjAwJTIwMzBweCU3RCUwRCUwQSU3RCUwRCUwQSU0MG1lZGlhJTI4bWF4LXdpZHRoJTNBNzY4cHglMjklN0IlMEQlMEEuZXNjLWhlcm8td3JhcCU3QmZsZXgtZGlyZWN0aW9uJTNBY29sdW1uJTNCbWluLWhlaWdodCUzQWF1dG8lM0J3aWR0aCUzQTEwMCUyNSUzQm1hcmdpbi1sZWZ0JTNBMCU3RCUwRCUwQS5lc2MtaGVyby1sZWZ0JTdCZmxleCUzQW5vbmUlM0JwYWRkaW5nJTNBNDBweCUyMDMwcHglMjAzMHB4JTNCb3JkZXIlM0EyJTdEJTBEJTBBLmVzYy1oZXJvLXJpZ2h0JTdCZmxleCUzQW5vbmUlM0JtaW4taGVpZ2h0JTNBMzAwcHglM0JvcmRlciUzQTElM0JjdXJzb3IlM0FhdXRvJTdEJTBEJTBBLmVzYy1nbGFzcy1jdXJzb3IlN0JkaXNwbGF5JTNBbm9uZSU3RCUwRCUwQS5lc2MtaGVyby1uYW1lJTdCZm9udC1zaXplJTNBMjhweCU3RCUwRCUwQS5lc2MtdmlkZW8tc2VjdGlvbiU3QnBhZGRpbmclM0E0MHB4JTIwMjRweCUyMDUwcHglN0QlMEQlMEEuZXNjLXZpZGVvLXdyYXAlN0J3aWR0aCUzQTIwMHB4JTdEJTBEJTBBJTdEJTBEJTBBJTNDJTJGc3R5bGUlM0UlMEQlMEElMEQlMEElM0NkaXYlMjBjbGFzcyUzRCUyMmVzYy1wYWdlJTIyJTNFJTBEJTBBJTBEJTBBJTIwJTIwJTNDZGl2JTIwY2xhc3MlM0QlMjJlc2MtaGVyby13cmFwJTIyJTNFJTBEJTBBJTIwJTIwJTIwJTIwJTNDZGl2JTIwY2xhc3MlM0QlMjJlc2MtaGVyby1sZWZ0JTIyJTNFJTBEJTBBJTIwJTIwJTIwJTIwJTIwJTIwJTNDcCUyMGNsYXNzJTNEJTIyZXNjLWhlcm8tbGFiZWwlMjIlM0VFc2N1bHRvciUyMFNlbGVjY2lvbmFkbyUzQyUyRnAlM0UlMEQlMEElMjAlMjAlMjAlMjAlMjAlMjAlM0NkaXYlMjBjbGFzcyUzRCUyMmVzYy1oZXJvLWxpbmUlMjIlM0UlM0MlMkZkaXYlM0UlMEQlMEElMjAlMjAlMjAlMjAlMjAlMjAlM0NoMiUyMGNsYXNzJTNEJTIyZXNjLWhlcm8tbmFtZSUyMiUzRVJhZmFlbCUyMEJsYXNjbyUyMENpc2NhciUzQyUyRmgyJTNFJTBEJTBBJTIwJTIwJTIwJTIwJTIwJTIwJTNDcCUyMGNsYXNzJTNEJTIyZXNjLWhlcm8tY291bnRyeSUyMiUzRUVzcGElQzMlQjFhJTNDJTJGcCUzRSUwRCUwQSUyMCUyMCUyMCUyMCUzQyUyRmRpdiUzRSUwRCUwQSUyMCUyMCUyMCUyMCUzQ2RpdiUyMGNsYXNzJTNEJTIyZXNjLWhlcm8tcmlnaHQlMjIlMjBpZCUzRCUyMmVzY0hlcm9QaG90byUyMiUzRSUwRCUwQSUyMCUyMCUyMCUyMCUyMCUyMCUzQ2ltZyUyMHNyYyUzRCUyMmh0dHBzJTNBJTJGJTJGYmllbmFsZGVsY2hhY28ub3JnJTJGMjAyNiUyRndwLWNvbnRlbnQlMkZ1cGxvYWRzJTJGMjAyNiUyRjA0JTJGUmFmYWVsLUJsYXNjby1DaXNjYXItSU1HLnBuZyUyMiUyMGFsdCUzRCUyMlJhZmFlbCUyMEJsYXNjbyUyMENpc2NhciUyMiUzRSUwRCUwQSUyMCUyMCUyMCUyMCUyMCUyMCUzQ2RpdiUyMGNsYXNzJTNEJTIyZXNjLWdsYXNzLWN1cnNvciUyMiUyMGlkJTNEJTIyZXNjR2xhc3NDdXJzb3IlMjIlM0UlM0MlMkZkaXYlM0UlMEQlMEElMjAlMjAlMjAlMjAlMjAlMjAlM0NkaXYlMjBjbGFzcyUzRCUyMmVzYy1oZXJvLXNoaW1tZXIlMjIlM0UlM0MlMkZkaXYlM0UlMEQlMEElMjAlMjAlMjAlMjAlM0MlMkZkaXYlM0UlMEQlMEElMjAlMjAlM0MlMkZkaXYlM0UlMEQlMEElMEQlMEElMjAlMjAlM0NkaXYlMjBjbGFzcyUzRCUyMmVzYy12aWRlby1zZWN0aW9uJTIyJTNFJTBEJTBBJTIwJTIwJTIwJTIwJTNDZGl2JTIwY2xhc3MlM0QlMjJlc2MtdmlkZW8td3JhcCUyMiUzRSUwRCUwQSUyMCUyMCUyMCUyMCUyMCUyMCUzQ3ZpZGVvJTIwd2lkdGglM0QlMjIxMDAlMjUlMjIlMjBhdXRvcGxheSUyMG11dGVkJTIwbG9vcCUyMHBsYXlzaW5saW5lJTNFJTBEJTBBJTIwJTIwJTIwJTIwJTIwJTIwJTIwJTIwJTNDc291cmNlJTIwc3JjJTNEJTIyaHR0cHMlM0ElMkYlMkZiaWVuYWxkZWxjaGFjby5vcmclMkYyMDI2JTJGd3AtY29udGVudCUyRnVwbG9hZHMlMkYyMDI2JTJGMDQlMkZJY29uby1HbGFzcy1Fc2N1bHRvcmVzLUludml0YWRvcy53ZWJtJTIyJTIwdHlwZSUzRCUyMnZpZGVvJTJGd2VibSUyMiUzRSUwRCUwQSUyMCUyMCUyMCUyMCUyMCUyMCUyMCUyMFR1JTIwbmF2ZWdhZG9yJTIwbm8lMjBzb3BvcnRhJTIwdmlkZW8lMjBIVE1MNS4lMEQlMEElMjAlMjAlMjAlMjAlMjAlMjAlM0MlMkZ2aWRlbyUzRSUwRCUwQSUyMCUyMCUyMCUyMCUzQyUyRmRpdiUzRSUwRCUwQSUyMCUyMCUzQyUyRmRpdiUzRSUwRCUwQSUwRCUwQSUzQyUyRmRpdiUzRSUwRCUwQSUwRCUwQSUzQ3NjcmlwdCUzRSUwRCUwQSUyOGZ1bmN0aW9uJTI4JTI5JTdCJTBEJTBBJTIwJTIwdmFyJTIwaGVybyUyMCUzRCUyMGRvY3VtZW50LmdldEVsZW1lbnRCeUlkJTI4JTI3ZXNjSGVyb1Bob3RvJTI3JTI5JTNCJTBEJTBBJTIwJTIwdmFyJTIwZ2xhc3MlMjAlM0QlMjBkb2N1bWVudC5nZXRFbGVtZW50QnlJZCUyOCUyN2VzY0dsYXNzQ3Vyc29yJTI3JTI5JTNCJTBEJTBBJTIwJTIwaWYlMjhoZXJvJTIwJTI2JTI2JTIwZ2xhc3MlMjklN0IlMEQlMEElMjAlMjAlMjAlMjBoZXJvLmFkZEV2ZW50TGlzdGVuZXIlMjglMjdtb3VzZW1vdmUlMjclMkMlMjBmdW5jdGlvbiUyOGUlMjklN0IlMEQlMEElMjAlMjAlMjAlMjAlMjAlMjB2YXIlMjByJTIwJTNEJTIwaGVyby5nZXRCb3VuZGluZ0NsaWVudFJlY3QlMjglMjklM0IlMEQlMEElMjAlMjAlMjAlMjAlMjAlMjBnbGFzcy5zdHlsZS5sZWZ0JTIwJTNEJTIwJTI4ZS5jbGllbnRYJTIwLSUyMHIubGVmdCUyOSUyMCUyQiUyMCUyN3B4JTI3JTNCJTBEJTBBJTIwJTIwJTIwJTIwJTIwJTIwZ2xhc3Muc3R5bGUudG9wJTIwJTNEJTIwJTI4ZS5jbGllbnRZJTIwLSUyMHIudG9wJTI5JTIwJTJCJTIwJTI3cHglMjclM0IlMEQlMEElMjAlMjAlMjAlMjAlN0QlMjklM0IlMEQlMEElMjAlMjAlN0QlMEQlMEElN0QlMjklMjglMjklM0IlMEQlMEElM0MlMkZzY3JpcHQlM0U=[\/vc_raw_html][\/vc_column_inner][\/vc_row_inner][\/vc_column][\/vc_row]<\/p>\n<\/div>","protected":false},"excerpt":{"rendered":"<p>[vc_row css_animation=&#8221;&#8221; row_type=&#8221;row&#8221; use_row_as_full_screen_section=&#8221;no&#8221; type=&#8221;full_width&#8221; angled_section=&#8221;no&#8221; text_align=&#8221;left&#8221; background_image_as_pattern=&#8221;without_pattern&#8221;][vc_column][vc_empty_space height=&#8221;65px&#8221;][\/vc_column][\/vc_row][vc_row css_animation=&#8221;element_from_fade&#8221; row_type=&#8221;row&#8221; use_row_as_full_screen_section=&#8221;no&#8221; type=&#8221;full_width&#8221; angled_section=&#8221;no&#8221; text_align=&#8221;left&#8221; background_image_as_pattern=&#8221;without_pattern&#8221; z_index=&#8221;&#8221;][vc_column][vc_row_inner row_type=&#8221;row&#8221; type=&#8221;grid&#8221; text_align=&#8221;left&#8221; css_animation=&#8221;element_from_right&#8221;][vc_column_inner][vc_column_text css=&#8221;&#8221;]Home\u00a0 |\u00a0 Encuentro de Escultores Invitados\u00a0 | Rafael Blasco Ciscar [\/vc_column_text][vc_empty_space height=&#8221;20px&#8221;][vc_raw_html css=&#8221;&#8221;]JTNDZGl2JTIwc3R5bGUlM0QlMjJ0ZXh0LWFsaWduJTNBbGVmdCUzQiUyMiUzRSUwRCUwQSUyMCUyMCUzQ2ltZyUyMCUwRCUwQSUyMCUyMCUyMCUyMHNyYyUzRCUyMmh0dHBzJTNBJTJGJTJGYmllbmFsZGVsY2hhY28ub3JnJTJGMjAyNiUyRndwLWNvbnRlbnQlMkZ1cGxvYWRzJTJGMjAyNiUyRjA0JTJGQXNzZXQtZW5jdWVudHJvLWVzY3VsdG9yZXMtaW52aXRhZG9zLnN2ZyUyMiUyMCUwRCUwQSUyMCUyMCUyMCUyMGFsdCUzRCUyMkVuY3VlbnRybyUyMGRlJTIwZXNjdWx0b3JlcyUyMGludml0YWRvcyUyMiUwRCUwQSUyMCUyMCUyMCUyMHN0eWxlJTNEJTIybWF4LXdpZHRoJTNBNjAlMjUlM0IlMjBoZWlnaHQlM0FhdXRvJTNCJTIyJTBEJTBBJTIwJTIwJTNFJTBEJTBBJTNDJTJGZGl2JTNF[\/vc_raw_html][vc_empty_space height=&#8221;20px&#8221;][vc_column_text css=&#8221;&#8221;]X Encuentro de Escultores Invitados [\/vc_column_text][vc_column_text css=&#8221;&#8221;]17 al 26 de&#8230;<\/p>\n","protected":false},"author":1,"featured_media":0,"parent":1652,"menu_order":0,"comment_status":"closed","ping_status":"closed","template":"full_width.php","meta":{"footnotes":""},"class_list":["post-1886","page","type-page","status-publish","hentry"],"yoast_head":"<!-- This site is optimized with the Yoast SEO plugin v25.6 - https:\/\/yoast.com\/wordpress\/plugins\/seo\/ -->\n<title>Rafael Blanco Ciscar - Bienal del Chaco<\/title>\n<meta name=\"robots\" content=\"index, follow, max-snippet:-1, max-image-preview:large, max-video-preview:-1\" \/>\n<link rel=\"canonical\" href=\"https:\/\/bienaldelchaco.org\/2026\/encuentro-de-escultores-invitados\/rafael-blanco-ciscar\/\" \/>\n<meta property=\"og:locale\" content=\"es_ES\" \/>\n<meta property=\"og:type\" content=\"article\" \/>\n<meta property=\"og:title\" content=\"Bienal Internacional de Escultura\" \/>\n<meta property=\"og:description\" content=\"La Bienal del Chaco es una manifestaci\u00f3n internacional de arte contempor\u00e1neo que re\u00fane artistas y pueblo en un mismo espacio, conectando de manera potente a la gente con el arte y la naturaleza.\" \/>\n<meta property=\"og:url\" content=\"https:\/\/bienaldelchaco.org\/2026\/encuentro-de-escultores-invitados\/rafael-blanco-ciscar\/\" \/>\n<meta property=\"og:site_name\" content=\"Bienal del Chaco\" \/>\n<meta property=\"article:publisher\" content=\"https:\/\/www.facebook.com\/bienaldelchaco\" \/>\n<meta property=\"article:modified_time\" content=\"2026-04-12T18:49:39+00:00\" \/>\n<meta property=\"og:image\" content=\"https:\/\/bienaldelchaco.org\/2026\/wp-content\/uploads\/2025\/06\/Bienal-2026-Share.jpg\" \/>\n\t<meta property=\"og:image:width\" content=\"1200\" \/>\n\t<meta property=\"og:image:height\" content=\"630\" \/>\n\t<meta property=\"og:image:type\" content=\"image\/jpeg\" \/>\n<meta name=\"twitter:card\" content=\"summary_large_image\" \/>\n<meta name=\"twitter:title\" content=\"Bienal Internacional de Escultura\" \/>\n<meta name=\"twitter:description\" content=\"La Bienal del Chaco es una manifestaci\u00f3n internacional de arte contempor\u00e1neo que re\u00fane artistas y pueblo en un mismo espacio, conectando de manera potente a la gente con el arte y la naturaleza.\" \/>\n<meta name=\"twitter:image\" content=\"https:\/\/bienaldelchaco.org\/2026\/wp-content\/uploads\/2025\/06\/Bienal-2026-Share.jpg\" \/>\n<meta name=\"twitter:site\" content=\"@bienaldelchaco\" \/>\n<meta name=\"twitter:label1\" content=\"Tiempo de lectura\" \/>\n\t<meta name=\"twitter:data1\" content=\"1 minuto\" \/>\n<script type=\"application\/ld+json\" class=\"yoast-schema-graph\">{\"@context\":\"https:\/\/schema.org\",\"@graph\":[{\"@type\":\"WebPage\",\"@id\":\"https:\/\/bienaldelchaco.org\/2026\/encuentro-de-escultores-invitados\/rafael-blanco-ciscar\/\",\"url\":\"https:\/\/bienaldelchaco.org\/2026\/encuentro-de-escultores-invitados\/rafael-blanco-ciscar\/\",\"name\":\"Rafael Blanco Ciscar - Bienal del Chaco\",\"isPartOf\":{\"@id\":\"https:\/\/bienaldelchaco.org\/2026\/#website\"},\"datePublished\":\"2026-04-12T18:42:25+00:00\",\"dateModified\":\"2026-04-12T18:49:39+00:00\",\"breadcrumb\":{\"@id\":\"https:\/\/bienaldelchaco.org\/2026\/encuentro-de-escultores-invitados\/rafael-blanco-ciscar\/#breadcrumb\"},\"inLanguage\":\"es-AR\",\"potentialAction\":[{\"@type\":\"ReadAction\",\"target\":[\"https:\/\/bienaldelchaco.org\/2026\/encuentro-de-escultores-invitados\/rafael-blanco-ciscar\/\"]}]},{\"@type\":\"BreadcrumbList\",\"@id\":\"https:\/\/bienaldelchaco.org\/2026\/encuentro-de-escultores-invitados\/rafael-blanco-ciscar\/#breadcrumb\",\"itemListElement\":[{\"@type\":\"ListItem\",\"position\":1,\"name\":\"Inicio\",\"item\":\"https:\/\/bienaldelchaco.org\/2026\/\"},{\"@type\":\"ListItem\",\"position\":2,\"name\":\"Encuentro de Escultores Invitados\",\"item\":\"https:\/\/bienaldelchaco.org\/2026\/encuentro-de-escultores-invitados\/\"},{\"@type\":\"ListItem\",\"position\":3,\"name\":\"Rafael Blanco Ciscar\"}]},{\"@type\":\"WebSite\",\"@id\":\"https:\/\/bienaldelchaco.org\/2026\/#website\",\"url\":\"https:\/\/bienaldelchaco.org\/2026\/\",\"name\":\"Bienal del Chaco\",\"description\":\"\",\"publisher\":{\"@id\":\"https:\/\/bienaldelchaco.org\/2026\/#organization\"},\"potentialAction\":[{\"@type\":\"SearchAction\",\"target\":{\"@type\":\"EntryPoint\",\"urlTemplate\":\"https:\/\/bienaldelchaco.org\/2026\/?s={search_term_string}\"},\"query-input\":{\"@type\":\"PropertyValueSpecification\",\"valueRequired\":true,\"valueName\":\"search_term_string\"}}],\"inLanguage\":\"es-AR\"},{\"@type\":\"Organization\",\"@id\":\"https:\/\/bienaldelchaco.org\/2026\/#organization\",\"name\":\"Bienal del Chaco\",\"url\":\"https:\/\/bienaldelchaco.org\/2026\/\",\"logo\":{\"@type\":\"ImageObject\",\"inLanguage\":\"es-AR\",\"@id\":\"https:\/\/bienaldelchaco.org\/2026\/#\/schema\/logo\/image\/\",\"url\":\"https:\/\/bienaldelchaco.org\/2026\/wp-content\/uploads\/2025\/04\/web-logo-2026.png\",\"contentUrl\":\"https:\/\/bienaldelchaco.org\/2026\/wp-content\/uploads\/2025\/04\/web-logo-2026.png\",\"width\":145,\"height\":50,\"caption\":\"Bienal del Chaco\"},\"image\":{\"@id\":\"https:\/\/bienaldelchaco.org\/2026\/#\/schema\/logo\/image\/\"},\"sameAs\":[\"https:\/\/www.facebook.com\/bienaldelchaco\",\"https:\/\/x.com\/bienaldelchaco\",\"https:\/\/www.instagram.com\/bienaldelchaco\/\",\"https:\/\/www.youtube.com\/BienaldelChaco\"]}]}<\/script>\n<!-- \/ Yoast SEO plugin. -->","yoast_head_json":{"title":"Rafael Blanco Ciscar - Bienal del Chaco","robots":{"index":"index","follow":"follow","max-snippet":"max-snippet:-1","max-image-preview":"max-image-preview:large","max-video-preview":"max-video-preview:-1"},"canonical":"https:\/\/bienaldelchaco.org\/2026\/encuentro-de-escultores-invitados\/rafael-blanco-ciscar\/","og_locale":"es_ES","og_type":"article","og_title":"Bienal Internacional de Escultura","og_description":"La Bienal del Chaco es una manifestaci\u00f3n internacional de arte contempor\u00e1neo que re\u00fane artistas y pueblo en un mismo espacio, conectando de manera potente a la gente con el arte y la naturaleza.","og_url":"https:\/\/bienaldelchaco.org\/2026\/encuentro-de-escultores-invitados\/rafael-blanco-ciscar\/","og_site_name":"Bienal del Chaco","article_publisher":"https:\/\/www.facebook.com\/bienaldelchaco","article_modified_time":"2026-04-12T18:49:39+00:00","og_image":[{"width":1200,"height":630,"url":"https:\/\/bienaldelchaco.org\/2026\/wp-content\/uploads\/2025\/06\/Bienal-2026-Share.jpg","type":"image\/jpeg"}],"twitter_card":"summary_large_image","twitter_title":"Bienal Internacional de Escultura","twitter_description":"La Bienal del Chaco es una manifestaci\u00f3n internacional de arte contempor\u00e1neo que re\u00fane artistas y pueblo en un mismo espacio, conectando de manera potente a la gente con el arte y la naturaleza.","twitter_image":"https:\/\/bienaldelchaco.org\/2026\/wp-content\/uploads\/2025\/06\/Bienal-2026-Share.jpg","twitter_site":"@bienaldelchaco","twitter_misc":{"Tiempo de lectura":"1 minuto"},"schema":{"@context":"https:\/\/schema.org","@graph":[{"@type":"WebPage","@id":"https:\/\/bienaldelchaco.org\/2026\/encuentro-de-escultores-invitados\/rafael-blanco-ciscar\/","url":"https:\/\/bienaldelchaco.org\/2026\/encuentro-de-escultores-invitados\/rafael-blanco-ciscar\/","name":"Rafael Blanco Ciscar - Bienal del Chaco","isPartOf":{"@id":"https:\/\/bienaldelchaco.org\/2026\/#website"},"datePublished":"2026-04-12T18:42:25+00:00","dateModified":"2026-04-12T18:49:39+00:00","breadcrumb":{"@id":"https:\/\/bienaldelchaco.org\/2026\/encuentro-de-escultores-invitados\/rafael-blanco-ciscar\/#breadcrumb"},"inLanguage":"es-AR","potentialAction":[{"@type":"ReadAction","target":["https:\/\/bienaldelchaco.org\/2026\/encuentro-de-escultores-invitados\/rafael-blanco-ciscar\/"]}]},{"@type":"BreadcrumbList","@id":"https:\/\/bienaldelchaco.org\/2026\/encuentro-de-escultores-invitados\/rafael-blanco-ciscar\/#breadcrumb","itemListElement":[{"@type":"ListItem","position":1,"name":"Inicio","item":"https:\/\/bienaldelchaco.org\/2026\/"},{"@type":"ListItem","position":2,"name":"Encuentro de Escultores Invitados","item":"https:\/\/bienaldelchaco.org\/2026\/encuentro-de-escultores-invitados\/"},{"@type":"ListItem","position":3,"name":"Rafael Blanco Ciscar"}]},{"@type":"WebSite","@id":"https:\/\/bienaldelchaco.org\/2026\/#website","url":"https:\/\/bienaldelchaco.org\/2026\/","name":"Bienal del Chaco","description":"","publisher":{"@id":"https:\/\/bienaldelchaco.org\/2026\/#organization"},"potentialAction":[{"@type":"SearchAction","target":{"@type":"EntryPoint","urlTemplate":"https:\/\/bienaldelchaco.org\/2026\/?s={search_term_string}"},"query-input":{"@type":"PropertyValueSpecification","valueRequired":true,"valueName":"search_term_string"}}],"inLanguage":"es-AR"},{"@type":"Organization","@id":"https:\/\/bienaldelchaco.org\/2026\/#organization","name":"Bienal del Chaco","url":"https:\/\/bienaldelchaco.org\/2026\/","logo":{"@type":"ImageObject","inLanguage":"es-AR","@id":"https:\/\/bienaldelchaco.org\/2026\/#\/schema\/logo\/image\/","url":"https:\/\/bienaldelchaco.org\/2026\/wp-content\/uploads\/2025\/04\/web-logo-2026.png","contentUrl":"https:\/\/bienaldelchaco.org\/2026\/wp-content\/uploads\/2025\/04\/web-logo-2026.png","width":145,"height":50,"caption":"Bienal del Chaco"},"image":{"@id":"https:\/\/bienaldelchaco.org\/2026\/#\/schema\/logo\/image\/"},"sameAs":["https:\/\/www.facebook.com\/bienaldelchaco","https:\/\/x.com\/bienaldelchaco","https:\/\/www.instagram.com\/bienaldelchaco\/","https:\/\/www.youtube.com\/BienaldelChaco"]}]}},"_links":{"self":[{"href":"https:\/\/bienaldelchaco.org\/2026\/wp-json\/wp\/v2\/pages\/1886","targetHints":{"allow":["GET"]}}],"collection":[{"href":"https:\/\/bienaldelchaco.org\/2026\/wp-json\/wp\/v2\/pages"}],"about":[{"href":"https:\/\/bienaldelchaco.org\/2026\/wp-json\/wp\/v2\/types\/page"}],"author":[{"embeddable":true,"href":"https:\/\/bienaldelchaco.org\/2026\/wp-json\/wp\/v2\/users\/1"}],"replies":[{"embeddable":true,"href":"https:\/\/bienaldelchaco.org\/2026\/wp-json\/wp\/v2\/comments?post=1886"}],"version-history":[{"count":3,"href":"https:\/\/bienaldelchaco.org\/2026\/wp-json\/wp\/v2\/pages\/1886\/revisions"}],"predecessor-version":[{"id":1894,"href":"https:\/\/bienaldelchaco.org\/2026\/wp-json\/wp\/v2\/pages\/1886\/revisions\/1894"}],"up":[{"embeddable":true,"href":"https:\/\/bienaldelchaco.org\/2026\/wp-json\/wp\/v2\/pages\/1652"}],"wp:attachment":[{"href":"https:\/\/bienaldelchaco.org\/2026\/wp-json\/wp\/v2\/media?parent=1886"}],"curies":[{"name":"wp","href":"https:\/\/api.w.org\/{rel}","templated":true}]}}